613?
8
What is the thousands digit of 2662107?
2
What is the hundreds digit of 1328256?
2
What is the hundred thousands digit of 9512809?
5
What is the millions digit of 1605023?
1
What is the tens digit of 1529633?
3
What is the hundred thousands digit of 9246055?
2
What is the hundreds digit of 151080?
0
What is the hundred thousands digit of 116431?
1
What is the thousands digit of 372746?
2
What is the units digit of 2200665?
5
What is the ten thousands digit of 66708?
6
What is the ten thousands digit of 502967?
0
What is the thousands digit of 25475386?
5
What is the thousands digit of 580377?
0
What is the ten thousands digit of 2934220?
3
What is the millions digit of 3077011?
3
What is the hundreds digit of 1778503?
5
What is the ten thousands digit of 221431?
2
What is the hundreds digit of 7519628?
6
What is the millions digit of 2389735?
2
What is the ten thousands digit of 4044049?
4
What is the millions digit of 2515657?
2
What is the units digit of 3008305?
5
What is the hundreds digit of 1243326?
3
What is the tens digit of 412011?
1
What is the tens digit of 1513232?
3
What is the thousands digit of 7522855?
2
What is the hundred thousands digit of 4268666?
2
What is the units digit of 17296294?
4
What is the hundred thousands digit of 258902?
2
What is the tens digit of 885227?
2
What is the ten thousands digit of 627562?
2
What is the hundred thousands digit of 119225?
1
What is the ten thousands digit of 104657?
0
What is the thousands digit of 486973?
6
What is the millions digit of 3485320?
3
What is the ten thousands digit of 2022960?
2
What is the ten thousands digit of 395799?
9
What is the thousands digit of 637929?
7
What is the units digit of 434032?
2
What is the units digit of 2656946?
6
What is the hundreds digit of 216794?
7
What is the hundreds digit of 3768745?
7
What is the units digit of 95298?
8
What is the units digit of 276832?
2
What is the hundreds digit of 36347?
3
What is the millions digit of 3057126?
3
What is the hundred thousands digit of 700272?
7
What is the thousands digit of 113557?
3
What is the hundred thousands digit of 4491145?
4
What is the thousands digit of 96551?
6
What is the units digit of 5438631?
1
What is the units digit of 3704826?
6
What is the hundred thousands digit of 8401974?
4
What is the thousands digit of 806600?
6
What is the hundreds digit of 895152?
1
What is the hundreds digit of 420945?
9
What is the tens digit of 806262?
6
What is the units digit of 1603085?
5
What is the tens digit of 4632606?
0
What is the hundred thousands digit of 2051720?
0
What is the ten thousands digit of 2274245?
7
What is the ten thousands digit of 287087?
8
What is the tens digit of 2047277?
7
What is the units digit of 671076?
6
What is the units digit of 48836?
6
What is the units digit of 28827?
7
What is the hundred thousands digit of 1475635?
4
What is the units digit of 123947?
7
What is the hundred thousands digit of 498895?
4
What is the units digit of 371878?
8
What is the tens digit of 881381?
8
What is the hundreds digit of 3080953?
9
What is the hundreds digit of 4518322?
3
What is the millions digit of 3288301?
3
What is the hundred thousands digit of 7988315?
9
What is the ten thousands digit of 1216338?
1
What is the tens digit of 402671?
7
What is the thousands digit of 221970?
1
What is the tens digit of 287620?
2
What is the hundred thousands digit of 954671?
9
What is the hundreds digit of 2884354?
3
What is the ten thousands digit of 113421?
1
What is the ten thousands digit of 6909097?
0
What is the tens digit of 168576?
7
What is the units digit of 1376121?
1
What is the hundred thousands digit of 3862986?
8
What is the thousands digit of 10602142?
2
What is the tens digit of 82377?
7
What is the units digit of 11705303?
3
What is the tens digit of 6784848?
4
What is the ten thousands digit of 329816?
2
What is the units digit of 291432?
2
What is the hundreds digit of 658402?
4
What is the hundreds digit of 263956?
9
What is the hundreds digit of 7075101?
1
What is the units digit of 465311?
1
What is the hundred thousands digit of 481651?
4
What is the hundred thousands digit of 515657?
5
What is the units digit of 587269?
9
What is the hundreds digit of 1134255?
2
What is the hundreds digit of 1143927?
9
What is the tens digit of 2239997?
9
What is the tens digit of 1783544?
4
What is the ten thousands digit of 5637615?
3
What is the tens digit of 3251506?
0
What is the ten thousands digit of 132482?
3
What is the tens digit of 2143521?
2
What is the ten thousands digit of 306015?
0
What is the ten thousands digit of 175389?
7
What is the hundreds digit of 600429?
4
What is the thousands digit of 665522?
5
What is the thousands digit of 1212109?
2
What is the tens digit of 757061?
6
What is the units digit of 848396?
6
What is the ten thousands digit of 9657062?
5
What is the units digit of 640687?
7
What is the hundreds digit of 78999?
9
What is the hundred thousands digit of 664757?
6
What is the thousands digit of 7489919?
9
What is the thousands digit of 175904?
5
What is the thousands digit of 43888444?
8
What is the tens digit of 67677?
7
What is the hundred thousands digit of 853053?
8
What is the thousands digit of 300666?
0
What is the tens digit of 204973?
7
What is the units digit of 355714?
4
What is the units digit of 7848541?
1
What is the units digit of 461290?
0
What is the thousands digit of 30606156?
6
What is the thousands digit of 4218199?
8
What is the hundreds digit of 13906282?
2
What is the tens digit of 47518?
1
What is the tens digit of 32352?
5
What is the millions digit of 1130641?
1
What is the hundreds digit of 396835?
8
What is the thousands digit of 1001073?
1
What is the ten thousands digit of 17321451?
2
What is the units digit of 110776?
6
What is the millions digit of 9807834?
9
What is the hundreds digit of 64067?
0
What is the hundreds digit of 409665?
6
What is the hundreds digit of 853906?
9
What is the millions digit of 2244951?
2
What is the units digit of 931149?
9
What is the hundreds digit of 155301?
3
What is the millions digit of 1703340?
1
What is the tens digit of 313024?
2
What is the tens digit of 39736343?
4
What is the tens digit of 1673452?
5
What is the units digit of 1004150?
0
What is the ten thousands digit of 80815?
8
What is the ten thousands digit of 187503?
8
What is the units digit of 21468167?
7
What is the thousands digit of 4306152?
6
What is the tens digit of 143170?
7
What is the tens digit of 401242?
4
What is the hundreds digit of 19285?
2
What is the hundreds digit of 4267001?
0
What is the hundred thousands digit of 415190?
4
What is the thousands digit of 58960?
8
What is the hundreds digit of 636729?
7
What is the units digit of 14919036?
6
What is the ten thousands digit of 646934?
4
What is the units digit of 709339?
9
What is the hundreds digit of 32076?
0
What is the units digit of 22603848?
8
What is the tens digit of 7378701?
0
What is the thousands digit of 5856368?
6
What is the thousands digit of 40524?
0
What is the units digit of 31560380?
0
What is the hundreds digit of 256807?
8
What is the hundred thousands digit of 17822500?
8
What is the tens digit of 128036?
3
What is the ten thousands digit of 321239?
2
What is the hundreds digit of 111347?
3
What is the ten thousands digit of 19858643?
5
What is the tens digit of 4748571?
7
What is the hundred thousands digit of 280199?
2
What is the hundred thousands digit of 794641?
7
What is the hundred thousands digit of 5559502?
5
What is the thousands digit of 560151?
0
What is the tens digit of 849825?
2
What is the tens digit of 92868?
6
What is the thousands digit of 6183523?
3
What is the tens digit of 244202?
0
What is the hundreds digit of 1080106?
1
What is the hundreds digit of 855853?
8
What is the units digit of 5236462?
2
What is the hundreds digit of 4596541?
5
What is the tens digit of 812604?
0
What is the units digit of 312176?
6
What is the ten millions digit of 14792974?
1
What is the hundred thousands digit of 15072690?
0
What is the ten thousands digit of 1605897?
0
What is the ten thousands digit of 4092966?
9
What is the thousands digit of 306622?
6
What is the thousands digit of 167099?
7
What is the hundre